CRAN Package Check Results for Package wrswoR

Last updated on 2023-09-21 12:57:28 CEST.

Flavor Version Tinstall Tcheck Ttotal Status Flags
r-devel-linux-x86_64-debian-clang 1.1.1 24.19 34.54 58.73 NOTE
r-devel-linux-x86_64-debian-gcc 1.1.1 14.67 27.09 41.76 NOTE
r-devel-linux-x86_64-fedora-clang 1.1.1 78.61 NOTE
r-devel-linux-x86_64-fedora-gcc 1.1.1 76.25 NOTE
r-devel-windows-x86_64 1.1.1 19.00 67.00 86.00 NOTE
r-patched-linux-x86_64 1.1.1 19.04 33.68 52.72 NOTE
r-release-linux-x86_64 1.1.1 20.38 34.02 54.40 NOTE
r-release-macos-arm64 1.1.1 26.00 NOTE
r-release-macos-x86_64 1.1.1 39.00 NOTE
r-release-windows-x86_64 1.1.1 24.00 73.00 97.00 NOTE
r-oldrel-macos-arm64 1.1.1 27.00 NOTE
r-oldrel-macos-x86_64 1.1.1 33.00 NOTE
r-oldrel-windows-x86_64 1.1.1 24.00 69.00 93.00 NOTE

Check Details

Version: 1.1.1
Check: LazyData
Result: NOTE
     'LazyData' is specified without a 'data' directory
Flavors: r-devel-linux-x86_64-debian-clang, r-devel-linux-x86_64-debian-gcc, r-devel-linux-x86_64-fedora-clang, r-devel-linux-x86_64-fedora-gcc, r-devel-windows-x86_64, r-patched-linux-x86_64, r-release-linux-x86_64, r-release-macos-arm64, r-release-macos-x86_64, r-release-windows-x86_64, r-oldrel-macos-arm64, r-oldrel-macos-x86_64, r-oldrel-windows-x86_64