Last updated on 2023-03-31 08:54:16 CEST.
Flavor | Version | Tinstall | Tcheck | Ttotal | Status | Flags |
---|---|---|---|---|---|---|
r-devel-linux-x86_64-debian-clang | 1.7.30 | 78.35 | 38.90 | 117.25 | NOTE | |
r-devel-linux-x86_64-debian-gcc | 1.7.30 | 65.54 | 29.17 | 94.71 | NOTE | |
r-devel-linux-x86_64-fedora-clang | 1.7.30 | 197.94 | NOTE | |||
r-devel-linux-x86_64-fedora-gcc | 1.7.30 | 176.17 | NOTE | |||
r-patched-linux-x86_64 | 1.7.30 | 74.03 | 35.98 | 110.01 | NOTE | |
r-release-linux-x86_64 | 1.7.30 | 73.90 | 37.57 | 111.47 | OK | |
r-release-macos-arm64 | 1.7.30 | 49.00 | OK | |||
r-release-macos-x86_64 | 1.7.30 | 63.00 | OK | |||
r-release-windows-x86_64 | 1.7.30 | 80.00 | 102.00 | 182.00 | OK | |
r-oldrel-macos-arm64 | 1.7.30 | 48.00 | OK | |||
r-oldrel-macos-x86_64 | 1.7.30 | 66.00 | OK | |||
r-oldrel-windows-ix86+x86_64 | 1.7.30 | 213.00 | 99.00 | 312.00 | OK |
Version: 1.7.30
Check: C++ specification
Result: NOTE
Specified C++11: please drop specification unless essential
Flavors: r-devel-linux-x86_64-debian-clang, r-devel-linux-x86_64-debian-gcc, r-devel-linux-x86_64-fedora-clang, r-devel-linux-x86_64-fedora-gcc, r-patched-linux-x86_64