Last updated on 2023-09-27 09:02:30 CEST.
Flavor | Version | Tinstall | Tcheck | Ttotal | Status | Flags |
---|---|---|---|---|---|---|
r-devel-linux-x86_64-debian-clang | 1.7.30 | 100.18 | 38.82 | 139.00 | NOTE | |
r-devel-linux-x86_64-debian-gcc | 1.7.30 | 65.69 | 29.73 | 95.42 | NOTE | |
r-devel-linux-x86_64-fedora-clang | 1.7.30 | 195.99 | NOTE | |||
r-devel-linux-x86_64-fedora-gcc | 1.7.30 | 199.38 | NOTE | |||
r-devel-windows-x86_64 | 1.7.30 | 58.00 | 78.00 | 136.00 | NOTE | |
r-patched-linux-x86_64 | 1.7.30 | 89.26 | 36.63 | 125.89 | NOTE | |
r-release-linux-x86_64 | 1.7.30 | 94.67 | 37.00 | 131.67 | NOTE | |
r-release-macos-arm64 | 1.7.30 | 55.00 | NOTE | |||
r-release-macos-x86_64 | 1.7.30 | 93.00 | NOTE | |||
r-release-windows-x86_64 | 1.7.30 | 67.00 | 82.00 | 149.00 | NOTE | |
r-oldrel-macos-arm64 | 1.7.30 | 49.00 | OK | |||
r-oldrel-macos-x86_64 | 1.7.30 | 63.00 | OK | |||
r-oldrel-windows-x86_64 | 1.7.30 | 95.00 | 80.00 | 175.00 | OK |
Version: 1.7.30
Check: C++ specification
Result: NOTE
Specified C++11: please drop specification unless essential
Flavors: r-devel-linux-x86_64-debian-clang, r-devel-linux-x86_64-debian-gcc, r-devel-linux-x86_64-fedora-clang, r-devel-linux-x86_64-fedora-gcc, r-devel-windows-x86_64, r-patched-linux-x86_64, r-release-linux-x86_64, r-release-macos-arm64, r-release-macos-x86_64, r-release-windows-x86_64