CRAN Package Check Results for Package x12

Last updated on 2021-09-19 04:53:36 CEST.

Flavor Version Tinstall Tcheck Ttotal Status Flags
r-devel-linux-x86_64-debian-clang 1.9.3 11.75 107.16 118.91 OK
r-devel-linux-x86_64-debian-gcc 1.9.3 9.01 80.86 89.87 OK
r-devel-linux-x86_64-fedora-clang 1.9.3 153.26 OK
r-devel-linux-x86_64-fedora-gcc 1.9.3 143.39 OK
r-devel-windows-x86_64 1.9.3 16.00 146.00 162.00 OK
r-devel-windows-x86_64-gcc10-UCRT 1.9.3 ERROR
r-patched-linux-x86_64 1.9.3 11.09 105.45 116.54 OK
r-patched-solaris-x86 1.9.3 5.00 ERROR
r-release-linux-x86_64 1.9.3 11.19 104.53 115.72 OK
r-release-macos-arm64 1.9.3 OK
r-release-macos-x86_64 1.9.3 OK
r-release-windows-ix86+x86_64 1.9.3 23.00 101.00 124.00 OK
r-oldrel-macos-x86_64 1.9.3 OK
r-oldrel-windows-ix86+x86_64 1.9.3 22.00 107.00 129.00 OK

Check Details

Version: 1.9.3
Check: whether package can be installed
Result: WARN
    Found the following significant warnings:
     WARNING: installation-time patches will not be applied, could not get the patches index
Flavor: r-devel-windows-x86_64-gcc10-UCRT

Version: 1.9.3
Check: PDF version of manual
Result: WARN
    LaTeX errors when creating PDF version.
    This typically indicates Rd problems.
Flavor: r-devel-windows-x86_64-gcc10-UCRT

Version: 1.9.3
Check: PDF version of manual without hyperrefs or index
Result: ERROR
    Re-running with no redirection of stdout/stderr.
Flavor: r-devel-windows-x86_64-gcc10-UCRT

Version: 1.9.3
Check: package dependencies
Result: ERROR
    Package required but not available: ‘x13binary’
    
    See section ‘The DESCRIPTION file’ in the ‘Writing R Extensions’
    manual.
Flavor: r-patched-solaris-x86