CRAN Package Check Results for Package x12GUI

Last updated on 2021-09-19 04:53:36 CEST.

Flavor Version Tinstall Tcheck Ttotal Status Flags
r-devel-linux-x86_64-debian-clang 0.13.0 20.29 138.30 158.59 NOTE
r-devel-linux-x86_64-debian-gcc 0.13.0 17.04 102.00 119.04 NOTE
r-devel-linux-x86_64-fedora-clang 0.13.0 195.26 NOTE
r-devel-linux-x86_64-fedora-gcc 0.13.0 183.56 NOTE
r-devel-windows-x86_64 0.13.0 21.00 158.00 179.00 NOTE
r-devel-windows-x86_64-gcc10-UCRT 0.13.0 ERROR
r-patched-linux-x86_64 0.13.0 28.32 128.68 157.00 NOTE
r-patched-solaris-x86 0.13.0 5.10 ERROR
r-release-linux-x86_64 0.13.0 20.66 129.07 149.73 NOTE
r-release-macos-arm64 0.13.0 ERROR
r-release-macos-x86_64 0.13.0 NOTE
r-release-windows-ix86+x86_64 0.13.0 42.00 109.00 151.00 NOTE
r-oldrel-macos-x86_64 0.13.0 NOTE
r-oldrel-windows-ix86+x86_64 0.13.0 43.00 106.00 149.00 NOTE

Check Details

Version: 0.13.0
Check: DESCRIPTION meta-information
Result: NOTE
    Malformed Description field: should contain one or more complete sentences.
Flavors: r-devel-linux-x86_64-debian-clang, r-devel-linux-x86_64-debian-gcc, r-devel-linux-x86_64-fedora-clang, r-devel-linux-x86_64-fedora-gcc, r-devel-windows-x86_64, r-devel-windows-x86_64-gcc10-UCRT, r-patched-linux-x86_64, r-release-linux-x86_64, r-release-macos-x86_64, r-release-windows-ix86+x86_64, r-oldrel-macos-x86_64, r-oldrel-windows-ix86+x86_64

Version: 0.13.0
Check: R code for possible problems
Result: NOTE
    calcPeriods: no visible global function definition for 'frequency'
    plotRsdAcfGUI: no visible global function definition for 'frequency'
    plotRsdAcfGUI: no visible global function definition for 'axis'
    plotRsdAcfGUI: no visible global function definition for 'abline'
    plotRsdAcfGUI: no visible global function definition for 'lines'
    plotRsdAcfGUI: no visible global function definition for 'text'
    plotgui: no visible global function definition for 'frequency'
    plotgui: no visible global function definition for 'axTicks'
    plotgui: no visible global function definition for 'axis'
    plotgui: no visible global function definition for 'lines'
    plotgui: no visible global function definition for 'time'
    plotgui: no visible global function definition for 'polygon'
    plotgui: no visible global function definition for 'window'
    plotgui: no visible global function definition for 'end'
    plotgui: no visible global function definition for 'abline'
    plotgui: no visible global function definition for 'tsp'
    plotgui : <anonymous>: no visible global function definition for
     'window'
    plotgui: no visible global function definition for 'points'
    plotgui: no visible global function definition for 'na.omit'
    putKey.New: no visible global function definition for 'par'
    putKeyEmpty.New: no visible global function definition for 'par'
    x12GUI : checkbuttonx12handler: no visible global function definition
     for 'capture.output'
    x12GUI : tablehandler: no visible global function definition for
     'capture.output'
    x12GUI : convertCoordinates: no visible global function definition for
     'par'
    x12GUI : convertCoordinates: no visible global function definition for
     'frequency'
    x12GUI : convertCoordinates: no visible global function definition for
     'end'
    x12GUI : convertCoordinates: no visible global function definition for
     'start'
    x12GUI : update_notebook: no visible global function definition for
     'dev.cur'
    x12GUI : update_notebook: no visible global function definition for
     'dev.set'
    x12GUI : menuhandler: no visible global function definition for
     'dev.cur'
    x12GUI : menuhandler: no visible global function definition for 'pdf'
    x12GUI : menuhandler: no visible global function definition for
     'dev.off'
    x12GUI : menuhandler: no visible global function definition for
     'dev.set'
    x12GUI : menuhandler: no visible global function definition for 'png'
    x12GUI : menuhandler: no visible global function definition for 'end'
    x12GUI : menuhandler: no visible global function definition for 'start'
    x12GUI : menuhandler: no visible global function definition for
     'write.csv2'
    x12GUI : menuhandler: no visible global function definition for
     'capture.output'
    x12GUI : make_summary: no visible global function definition for
     'capture.output'
    x12GUI : make_plot: no visible global function definition for
     'capture.output'
    x12GUI : make_plot: no visible global function definition for
     'frequency'
    x12GUI : make_plot: no visible global function definition for 'start'
    x12GUI : make_plot: no visible global function definition for 'end'
    x12GUI : calcSpan: no visible global function definition for
     'frequency'
    x12GUI : <anonymous>: no visible global function definition for
     'capture.output'
    x12GUI: no visible global function definition for 'capture.output'
    Undefined global functions or variables:
     abline axTicks axis capture.output dev.cur dev.off dev.set end
     frequency lines na.omit par pdf png points polygon start text time
     tsp window write.csv2
    Consider adding
     importFrom("grDevices", "dev.cur", "dev.off", "dev.set", "pdf", "png")
     importFrom("graphics", "abline", "axTicks", "axis", "lines", "par",
     "points", "polygon", "text")
     importFrom("stats", "end", "frequency", "na.omit", "start", "time",
     "tsp", "window")
     importFrom("utils", "capture.output", "write.csv2")
    to your NAMESPACE file.
Flavors: r-devel-linux-x86_64-debian-clang, r-devel-linux-x86_64-debian-gcc, r-devel-linux-x86_64-fedora-clang, r-devel-linux-x86_64-fedora-gcc, r-devel-windows-x86_64, r-devel-windows-x86_64-gcc10-UCRT, r-patched-linux-x86_64, r-release-linux-x86_64, r-release-macos-x86_64, r-release-windows-ix86+x86_64, r-oldrel-macos-x86_64, r-oldrel-windows-ix86+x86_64

Version: 0.13.0
Check: whether package can be installed
Result: WARN
    Found the following significant warnings:
     WARNING: installation-time patches will not be applied, could not get the patches index
Flavor: r-devel-windows-x86_64-gcc10-UCRT

Version: 0.13.0
Check: PDF version of manual
Result: WARN
    LaTeX errors when creating PDF version.
    This typically indicates Rd problems.
Flavor: r-devel-windows-x86_64-gcc10-UCRT

Version: 0.13.0
Check: PDF version of manual without hyperrefs or index
Result: ERROR
    Re-running with no redirection of stdout/stderr.
Flavor: r-devel-windows-x86_64-gcc10-UCRT

Version: 0.13.0
Check: package dependencies
Result: ERROR
    Package required but not available: ‘x12’
    
    See section ‘The DESCRIPTION file’ in the ‘Writing R Extensions’
    manual.
Flavor: r-patched-solaris-x86

Version: 0.13.0
Check: package dependencies
Result: ERROR
    Packages required but not available: 'RGtk2', 'cairoDevice'
    
    See section ‘The DESCRIPTION file’ in the ‘Writing R Extensions’
    manual.
Flavor: r-release-macos-arm64