CRAN Package Check Results for Package xRing

Last updated on 2024-03-03 04:48:53 CET.

Flavor Version Tinstall Tcheck Ttotal Status Flags
r-devel-linux-x86_64-debian-clang 0.1.1 20.01 148.52 168.53 OK
r-devel-linux-x86_64-debian-gcc 0.1.1 14.97 110.73 125.70 OK
r-devel-linux-x86_64-fedora-clang 0.1.1 212.88 NOTE
r-devel-linux-x86_64-fedora-gcc 0.1.1 183.65 NOTE
r-devel-windows-x86_64 0.1.1 12.00 106.00 118.00 OK
r-patched-linux-x86_64 0.1.1 18.18 130.04 148.22 OK
r-release-linux-x86_64 0.1.1 14.34 134.12 148.46 OK
r-release-macos-arm64 0.1.1 55.00 OK
r-release-macos-x86_64 0.1.1 100.00 OK
r-release-windows-x86_64 0.1.1 17.00 128.00 145.00 OK
r-oldrel-macos-arm64 0.1.1 91.00 NOTE
r-oldrel-windows-x86_64 0.1.1 17.00 122.00 139.00 OK

Check Details

Version: 0.1.1
Check: dependencies in R code
Result: NOTE Namespace in Imports field not imported from: ‘tcltk2’ All declared Imports should be used. Flavors: r-devel-linux-x86_64-fedora-clang, r-devel-linux-x86_64-fedora-gcc, r-oldrel-macos-arm64