CRAN Package Check Results for Package xSub

Last updated on 2021-10-16 13:04:16 CEST.

Flavor Version Tinstall Tcheck Ttotal Status Flags
r-devel-linux-x86_64-debian-clang 3.0.1 7.46 44.87 52.33 OK
r-devel-linux-x86_64-debian-gcc 3.0.1 5.54 34.37 39.91 OK
r-devel-linux-x86_64-fedora-clang 3.0.1 71.27 NOTE
r-devel-linux-x86_64-fedora-gcc 3.0.1 60.36 NOTE
r-devel-windows-x86_64 3.0.1 15.00 46.00 61.00 OK
r-devel-windows-x86_64-gcc10-UCRT 3.0.1 NOTE
r-patched-linux-x86_64 3.0.1 6.44 42.21 48.65 OK
r-patched-solaris-x86 3.0.1 91.20 NOTE
r-release-linux-x86_64 3.0.1 7.08 42.50 49.58 OK
r-release-macos-arm64 3.0.1 NOTE
r-release-macos-x86_64 3.0.1 NOTE
r-release-windows-ix86+x86_64 3.0.1 14.00 60.00 74.00 OK
r-oldrel-macos-x86_64 3.0.1 NOTE
r-oldrel-windows-ix86+x86_64 3.0.1 14.00 61.00 75.00 OK

Check Details

Version: 3.0.1
Check: data for non-ASCII characters
Result: NOTE
     Note: found 268 marked UTF-8 strings
Flavors: r-devel-linux-x86_64-fedora-clang, r-devel-linux-x86_64-fedora-gcc, r-devel-windows-x86_64-gcc10-UCRT, r-patched-solaris-x86, r-release-macos-arm64, r-release-macos-x86_64, r-oldrel-macos-x86_64