Last updated on 2023-10-02 09:05:06 CEST.
Flavor | Version | Tinstall | Tcheck | Ttotal | Status | Flags |
---|---|---|---|---|---|---|
r-devel-linux-x86_64-debian-clang | 0.2.3 | 11.70 | 80.09 | 91.79 | NOTE | |
r-devel-linux-x86_64-debian-gcc | 0.2.3 | 8.09 | 58.41 | 66.50 | NOTE | |
r-devel-linux-x86_64-fedora-clang | 0.2.3 | 108.87 | NOTE | |||
r-devel-linux-x86_64-fedora-gcc | 0.2.3 | 119.80 | NOTE | |||
r-devel-windows-x86_64 | 0.2.3 | 11.00 | 74.00 | 85.00 | NOTE | |
r-patched-linux-x86_64 | 0.2.3 | 7.51 | 74.28 | 81.79 | NOTE | |
r-release-linux-x86_64 | 0.2.3 | 10.56 | 74.19 | 84.75 | NOTE | |
r-release-macos-arm64 | 0.2.3 | 36.00 | NOTE | |||
r-release-macos-x86_64 | 0.2.3 | 58.00 | NOTE | |||
r-release-windows-x86_64 | 0.2.3 | 14.00 | 83.00 | 97.00 | NOTE | |
r-oldrel-macos-arm64 | 0.2.3 | 31.00 | NOTE | |||
r-oldrel-macos-x86_64 | 0.2.3 | 52.00 | NOTE | |||
r-oldrel-windows-x86_64 | 0.2.3 | 14.00 | 88.00 | 102.00 | NOTE |
Version: 0.2.3
Check: LazyData
Result: NOTE
'LazyData' is specified without a 'data' directory
Flavors: r-devel-linux-x86_64-debian-clang, r-devel-linux-x86_64-debian-gcc, r-devel-linux-x86_64-fedora-clang, r-devel-linux-x86_64-fedora-gcc, r-devel-windows-x86_64, r-patched-linux-x86_64, r-release-linux-x86_64, r-release-macos-arm64, r-release-macos-x86_64, r-release-windows-x86_64, r-oldrel-macos-arm64, r-oldrel-macos-x86_64, r-oldrel-windows-x86_64