Last updated on 2023-03-27 12:54:40 CEST.
Flavor | Version | Tinstall | Tcheck | Ttotal | Status | Flags |
---|---|---|---|---|---|---|
r-devel-linux-x86_64-debian-clang | 1.1.2 | 19.50 | 265.27 | 284.77 | OK | |
r-devel-linux-x86_64-debian-gcc | 1.1.2 | 15.71 | 198.49 | 214.20 | OK | |
r-devel-linux-x86_64-fedora-clang | 1.1.2 | 339.34 | NOTE | |||
r-devel-linux-x86_64-fedora-gcc | 1.1.2 | 337.29 | OK | |||
r-devel-windows-x86_64 | 1.1.2 | 47.00 | 220.00 | 267.00 | OK | |
r-patched-linux-x86_64 | 1.1.2 | 18.54 | 248.55 | 267.09 | OK | |
r-release-linux-x86_64 | 1.1.2 | 11.99 | 251.08 | 263.07 | OK | |
r-release-macos-arm64 | 1.1.2 | 89.00 | OK | |||
r-release-macos-x86_64 | 1.1.2 | 146.00 | OK | |||
r-release-windows-x86_64 | 1.1.2 | 38.00 | 226.00 | 264.00 | OK | |
r-oldrel-macos-arm64 | 1.1.2 | 94.00 | OK | |||
r-oldrel-macos-x86_64 | 1.1.2 | 141.00 | OK | |||
r-oldrel-windows-ix86+x86_64 | 1.1.2 | 36.00 | 219.00 | 255.00 | OK |
Version: 1.1.2
Check: Rd cross-references
Result: NOTE
Undeclared package ‘rlang’ in Rd xrefs
Flavor: r-devel-linux-x86_64-fedora-clang