CRAN Package Check Results for Package xrf

Last updated on 2022-01-26 11:53:56 CET.

Flavor Version Tinstall Tcheck Ttotal Status Flags
r-devel-linux-x86_64-debian-clang 0.2.0 10.72 144.86 155.58 NOTE
r-devel-linux-x86_64-debian-gcc 0.2.0 9.86 110.65 120.51 NOTE
r-devel-linux-x86_64-fedora-clang 0.2.0 170.21 NOTE
r-devel-linux-x86_64-fedora-gcc 0.2.0 166.25 NOTE
r-devel-windows-x86_64-new-UL 0.2.0 31.00 153.00 184.00 NOTE
r-devel-windows-x86_64-new-TK 0.2.0 NOTE
r-patched-linux-x86_64 0.2.0 7.09 130.28 137.37 NOTE
r-release-linux-x86_64 0.2.0 7.11 128.28 135.39 NOTE
r-release-macos-arm64 0.2.0 NOTE
r-release-macos-x86_64 0.2.0 NOTE
r-release-windows-ix86+x86_64 0.2.0 24.00 146.00 170.00 NOTE
r-oldrel-macos-x86_64 0.2.0 OK
r-oldrel-windows-ix86+x86_64 0.2.0 25.00 147.00 172.00 OK

Check Details

Version: 0.2.0
Check: LazyData
Result: NOTE
     'LazyData' is specified without a 'data' directory
Flavors: r-devel-linux-x86_64-debian-clang, r-devel-linux-x86_64-debian-gcc, r-devel-linux-x86_64-fedora-clang, r-devel-linux-x86_64-fedora-gcc, r-devel-windows-x86_64-new-UL, r-devel-windows-x86_64-new-TK, r-patched-linux-x86_64, r-release-linux-x86_64, r-release-macos-arm64, r-release-macos-x86_64, r-release-windows-ix86+x86_64