CRAN Package Check Results for Package xslt

Last updated on 2022-01-22 11:51:16 CET.

Flavor Version Tinstall Tcheck Ttotal Status Flags
r-devel-linux-x86_64-debian-clang 1.4.3 27.52 36.99 64.51 OK
r-devel-linux-x86_64-debian-gcc 1.4.3 15.15 29.00 44.15 OK
r-devel-linux-x86_64-fedora-clang 1.4.3 93.08 OK
r-devel-linux-x86_64-fedora-gcc 1.4.3 68.83 OK
r-devel-windows-x86_64-new-UL 1.4.3 62.00 89.00 151.00 OK
r-devel-windows-x86_64-new-TK 1.4.3 OK
r-patched-linux-x86_64 1.4.3 21.42 35.81 57.23 OK
r-release-linux-x86_64 1.4.3 20.40 35.82 56.22 OK
r-release-macos-arm64 1.4.3 NOTE
r-release-macos-x86_64 1.4.3 NOTE
r-release-windows-ix86+x86_64 1.4.3 72.00 83.00 155.00 NOTE
r-oldrel-macos-x86_64 1.4.3 NOTE
r-oldrel-windows-ix86+x86_64 1.4.3 73.00 80.00 153.00 NOTE

Check Details

Version: 1.4.3
Check: installed package size
Result: NOTE
     installed size is 6.8Mb
     sub-directories of 1Mb or more:
     libs 6.6Mb
Flavors: r-release-macos-arm64, r-release-macos-x86_64, r-release-windows-ix86+x86_64, r-oldrel-macos-x86_64, r-oldrel-windows-ix86+x86_64