Last updated on 2023-03-28 12:54:57 CEST.
Flavor | Version | Tinstall | Tcheck | Ttotal | Status | Flags |
---|---|---|---|---|---|---|
r-devel-linux-x86_64-debian-clang | 1.8-4 | 2.85 | 64.30 | 67.15 | NOTE | |
r-devel-linux-x86_64-debian-gcc | 1.8-4 | 1.91 | 50.07 | 51.98 | NOTE | |
r-devel-linux-x86_64-fedora-clang | 1.8-4 | 87.14 | NOTE | |||
r-devel-linux-x86_64-fedora-gcc | 1.8-4 | 94.11 | NOTE | |||
r-patched-linux-x86_64 | 1.8-4 | 3.33 | 61.77 | 65.10 | NOTE | |
r-release-linux-x86_64 | 1.8-4 | 3.16 | 62.54 | 65.70 | NOTE | |
r-release-macos-arm64 | 1.8-4 | 40.00 | OK | |||
r-release-macos-x86_64 | 1.8-4 | 61.00 | OK | |||
r-release-windows-x86_64 | 1.8-4 | 28.00 | 155.00 | 183.00 | OK | |
r-oldrel-macos-arm64 | 1.8-4 | 52.00 | OK | |||
r-oldrel-macos-x86_64 | 1.8-4 | 74.00 | OK | |||
r-oldrel-windows-ix86+x86_64 | 1.8-4 | 8.00 | 112.00 | 120.00 | OK |
Version: 1.8-4
Check: for non-standard things in the check directory
Result: NOTE
Found the following files/directories:
‘xtable.html’ ‘xtable.tex’
Flavors: r-devel-linux-x86_64-debian-clang, r-devel-linux-x86_64-debian-gcc, r-devel-linux-x86_64-fedora-clang, r-devel-linux-x86_64-fedora-gcc, r-patched-linux-x86_64, r-release-linux-x86_64