CRAN Package Check Results for Package yaps

Last updated on 2022-01-25 04:00:22 CET.

Flavor Version Tinstall Tcheck Ttotal Status Flags
r-devel-linux-x86_64-debian-clang 1.2.5 103.61 216.01 319.62 OK
r-devel-linux-x86_64-debian-gcc 1.2.5 65.50 154.02 219.52 OK
r-devel-linux-x86_64-fedora-clang 1.2.5 377.08 NOTE
r-devel-linux-x86_64-fedora-gcc 1.2.5 350.44 OK
r-devel-windows-x86_64-new-UL 1.2.5 158.00 258.00 416.00 NOTE
r-devel-windows-x86_64-new-TK 1.2.5 ERROR
r-patched-linux-x86_64 1.2.5 55.66 209.76 265.42 OK
r-release-linux-x86_64 1.2.5 53.42 203.91 257.33 OK
r-release-macos-arm64 1.2.5 NOTE
r-release-macos-x86_64 1.2.5 NOTE
r-release-windows-ix86+x86_64 1.2.5 142.00 499.00 641.00 NOTE
r-oldrel-macos-x86_64 1.2.5 NOTE
r-oldrel-windows-ix86+x86_64 1.2.5 141.00 497.00 638.00 NOTE

Check Details

Version: 1.2.5
Check: installed package size
Result: NOTE
     installed size is 16.0Mb
     sub-directories of 1Mb or more:
     libs 14.0Mb
Flavors: r-devel-linux-x86_64-fedora-clang, r-devel-windows-x86_64-new-UL, r-release-macos-arm64, r-release-macos-x86_64, r-release-windows-ix86+x86_64, r-oldrel-macos-x86_64, r-oldrel-windows-ix86+x86_64

Version: 1.2.5
Check: package dependencies
Result: ERROR
    Package required but not available: 'nloptr'
    
    See section 'The DESCRIPTION file' in the 'Writing R Extensions'
    manual.
Flavor: r-devel-windows-x86_64-new-TK