Last updated on 2023-03-30 20:49:37 CEST.
Flavor | Version | Tinstall | Tcheck | Ttotal | Status | Flags |
---|---|---|---|---|---|---|
r-devel-linux-x86_64-debian-clang | 1.15.22 | 157.49 | 250.21 | 407.70 | OK | |
r-devel-linux-x86_64-debian-gcc | 1.15.22 | 118.44 | 184.45 | 302.89 | OK | |
r-devel-linux-x86_64-fedora-clang | 1.15.22 | 507.02 | OK | |||
r-devel-linux-x86_64-fedora-gcc | 1.15.22 | 488.64 | OK | |||
r-patched-linux-x86_64 | 1.15.22 | 152.11 | 233.46 | 385.57 | OK | |
r-release-linux-x86_64 | 1.15.22 | 133.26 | 225.05 | 358.31 | OK | |
r-release-macos-arm64 | 1.15.22 | 128.00 | NOTE | |||
r-release-macos-x86_64 | 1.15.22 | 170.00 | NOTE | |||
r-release-windows-x86_64 | 1.15.22 | 207.00 | 342.00 | 549.00 | OK | |
r-oldrel-macos-arm64 | 1.15.22 | 117.00 | NOTE | |||
r-oldrel-macos-x86_64 | 1.15.22 | 166.00 | NOTE | |||
r-oldrel-windows-ix86+x86_64 | 1.15.22 | 312.00 | 383.00 | 695.00 | NOTE |
Version: 1.15.22
Check: installed package size
Result: NOTE
installed size is 8.7Mb
sub-directories of 1Mb or more:
R 3.0Mb
libs 4.6Mb
Flavors: r-release-macos-arm64, r-release-macos-x86_64, r-oldrel-macos-arm64, r-oldrel-macos-x86_64, r-oldrel-windows-ix86+x86_64