Last updated on 2023-11-29 15:50:36 CET.
Flavor | Version | Tinstall | Tcheck | Ttotal | Status | Flags |
---|---|---|---|---|---|---|
r-devel-linux-x86_64-debian-clang | 5.5.2 | 23.74 | 111.65 | 135.39 | NOTE | |
r-devel-linux-x86_64-debian-gcc | 5.5.2 | 17.53 | 91.90 | 109.43 | NOTE | |
r-devel-linux-x86_64-fedora-clang | 5.5.2 | 174.41 | NOTE | |||
r-devel-linux-x86_64-fedora-gcc | 5.5.2 | 191.76 | NOTE | |||
r-devel-windows-x86_64 | 5.5.2 | 18.00 | 114.00 | 132.00 | NOTE | |
r-patched-linux-x86_64 | 5.5.2 | 20.43 | 108.57 | 129.00 | NOTE | |
r-release-linux-x86_64 | 5.5.2 | 13.38 | 105.10 | 118.48 | NOTE | |
r-release-macos-arm64 | 5.5.2 | 53.00 | NOTE | |||
r-release-macos-x86_64 | 5.5.2 | 92.00 | NOTE | |||
r-release-windows-x86_64 | 5.5.2 | 27.00 | 144.00 | 171.00 | NOTE | |
r-oldrel-macos-arm64 | 5.5.2 | 45.00 | OK | |||
r-oldrel-macos-x86_64 | 5.5.2 | 84.00 | OK | |||
r-oldrel-windows-x86_64 | 5.5.2 | 26.00 | 135.00 | 161.00 | OK |
Version: 5.5.2
Check: Rd files
Result: NOTE
checkRd: (-1) ZIClass.Rd:87: Escaped LaTeX specials: \_
checkRd: (-1) ZITrain.Rd:72: Escaped LaTeX specials: \_
checkRd: (-1) ZITrain.Rd:74: Escaped LaTeX specials: \_
checkRd: (-1) zid.Rd:45: Escaped LaTeX specials: \_
checkRd: (-1) zim.Rd:63: Escaped LaTeX specials: \_
checkRd: (-1) zim.Rd:182: Lost braces
182 | dQuote{tab-delimited text file} when you have done and close the spreadsheet
| ^
Flavors: r-devel-linux-x86_64-debian-clang, r-devel-linux-x86_64-debian-gcc
Version: 5.5.2
Check: Rd files
Result: NOTE
checkRd: (-1) ZIClass.Rd:87: Escaped LaTeX specials: \_
checkRd: (-1) ZITrain.Rd:72: Escaped LaTeX specials: \_
checkRd: (-1) ZITrain.Rd:74: Escaped LaTeX specials: \_
checkRd: (-1) zid.Rd:45: Escaped LaTeX specials: \_
checkRd: (-1) zim.Rd:63: Escaped LaTeX specials: \_
Flavors: r-devel-linux-x86_64-fedora-clang, r-devel-linux-x86_64-fedora-gcc, r-devel-windows-x86_64, r-patched-linux-x86_64, r-release-linux-x86_64, r-release-macos-arm64, r-release-macos-x86_64, r-release-windows-x86_64
Version: 5.5.2
Check: package dependencies
Result: NOTE
Package suggested but not available for checking: ‘rJava’
Flavor: r-release-macos-x86_64