CRAN Package Check Results for Package ztpln

Last updated on 2021-10-17 12:53:03 CEST.

Flavor Version Tinstall Tcheck Ttotal Status Flags
r-devel-linux-x86_64-debian-clang 0.1.2 45.46 80.05 125.51 OK
r-devel-linux-x86_64-debian-gcc 0.1.2 39.41 67.29 106.70 OK
r-devel-linux-x86_64-fedora-clang 0.1.2 205.42 NOTE
r-devel-linux-x86_64-fedora-gcc 0.1.2 151.58 OK
r-devel-windows-x86_64 0.1.2 64.00 102.00 166.00 OK
r-devel-windows-x86_64-gcc10-UCRT 0.1.2 OK
r-patched-linux-x86_64 0.1.2 43.55 78.38 121.93 OK
r-patched-solaris-x86 0.1.2 208.60 OK
r-release-linux-x86_64 0.1.2 44.29 77.15 121.44 OK
r-release-macos-arm64 0.1.1 NOTE
r-release-macos-x86_64 0.1.2 NOTE
r-release-windows-ix86+x86_64 0.1.2 85.00 131.00 216.00 OK
r-oldrel-macos-x86_64 0.1.2 NOTE
r-oldrel-windows-ix86+x86_64 0.1.1 117.00 180.00 297.00 WARN

Check Details

Version: 0.1.2
Check: installed package size
Result: NOTE
     installed size is 6.4Mb
     sub-directories of 1Mb or more:
     libs 6.1Mb
Flavors: r-devel-linux-x86_64-fedora-clang, r-release-macos-x86_64, r-oldrel-macos-x86_64

Version: 0.1.1
Check: installed package size
Result: NOTE
     installed size is 8.2Mb
     sub-directories of 1Mb or more:
     libs 7.9Mb
Flavor: r-release-macos-arm64

Version: 0.1.1
Check: LazyData
Result: NOTE
     'LazyData' is specified without a 'data' directory
Flavor: r-release-macos-arm64

Version: 0.1.1
Check: re-building of vignette outputs
Result: WARN
    Error(s) in re-building vignettes:
    --- re-building 'ztpln.rmd' using rmarkdown
    Quitting from lines 102-113 (ztpln.rmd)
    Error: processing vignette 'ztpln.rmd' failed with diagnostics:
    attempt to use zero-length variable name
    --- failed re-building 'ztpln.rmd'
    
    SUMMARY: processing the following file failed:
     'ztpln.rmd'
    
    Error: Vignette re-building failed.
    Execution halted
Flavor: r-oldrel-windows-ix86+x86_64